 + -32. Let g(z) = 3*z**2 + 4*z + 46. List the prime factors of g(b).
5, 13
Let o = -16 - -13. Let g be (o + 232/(-3))*-3. Let k = g + -149. What are the prime factors of k?
2, 23
Suppose 6 = -3*d + l, 11*l - 7*l = 0. What are the prime factors of 3 + 0 - (-40 - (-10)/d)?
2, 3
Let j(u) = -390*u + 20. Let o be j(-4). Suppose -3*n - 9 + 51 = 0. Suppose n*i - o - 576 = 0. What are the prime factors of i?
2, 7, 11
Suppose -4*z = -3*r + 58654, -r + 0*z = -5*z - 19533. List the prime factors of r.
2, 7, 11, 127
Let w = -503 - -790. Suppose 2*l - w = 73. Suppose -42*t + l = -37*t. List the prime factors of t.
2, 3
Let g(w) = 13*w**2 + 15*w - 26. Let r(n) = -7*n**2 - 8*n + 14. Let a(u) = 3*g(u) + 5*r(u). List the prime factors of a(-9).
271
What are the prime factors of (6 - 0) + -19 + 4376?
4363
Let i(b) = -4*b**2 - 52*b + 4. Let n be i(-13). Suppose 0*u + u = 4*g - 2486, g + n*u = 613. List the prime factors of g.
3, 23
Suppose -2*n - 3*u = u - 20, 5*n + 5*u = 35. Suppose 3*p + 122 = c, -4*c + n*p = -110 - 354. What are the prime factors of c?
113
Let h(n) be the first derivative of 15*n**4/2 - 5*n**3/3 - n**2/2 - n - 185. List the prime factors of h(3).
761
Let w = 19193 - 19074. What are the prime factors of w?
7, 17
Suppose -14*l = l - 90. Suppose -l = -3*u + 2*i, 4*u = 6*u + 2*i - 4. Suppose v + 162 = u*b + 3*v, 0 = -3*b - 5*v + 237. What are the prime factors of b?
2, 3, 7
Let y(j) = 66*j + 103. Let d(a) = a**3 - 16*a**2 - 4*a + 85. Let b be d(16). List the prime factors of y(b).
1489
Let r be (-140)/42*2/(-4)*3. Suppose b + r = 2*b. Suppose -162 = -2*i + i - b*k, -k = -i + 150. List the prime factors of i.
2, 19
Suppose -37710 = -30*m + 25*m. Suppose -12*b - 6*b = -m. What are the prime factors of b?
419
Suppose 0 = -3*u + 30 - 12. Suppose 5101 = u*g - 1679. Suppose 12*q - 7*q = g. What are the prime factors of q?
2, 113
Let a = -2840 + 4428. Suppose 17*t + a = 21*t. List the prime factors of t.
397
Let k = 132 - 156. List the prime factors of (2 + -458)*16/k.
2, 19
Let f be ((-8)/(-7))/((-4)/(-14)). Let o(d) = -5 - 17 + 7*d + f + 0*d. List the prime factors of o(13).
73
Suppose -131*h + 654*h - 7287786 = -71*h. List the prime factors of h.
12269
Suppose 78*r - 171*r = -66*r - 582471. List the prime factors of r.
3, 17, 47
Let a = -158 + 200. Let p = a - -54. What are the prime factors of p?
2, 3
Let x = -15572 + 26238. What are the prime factors of x?
2, 5333
Let q(x) = 4273*x + 6582. What are the prime factors of q(14)?
2, 13, 1277
Let f = 107 - 31. Let o be 5 + f + (-12)/4. Let b = o - -16. What are the prime factors of b?
2, 47
Suppose y + 4*y = 5*k - 25, -3*k = -2*y - 12. Let g be ((-4)/y)/((-7)/(-21)). List the prime factors of (-1 - -5)/(g/34) - 1.
3, 11
Suppose 24*r = -j + 23*r + 6, -5*j = 2*r - 24. Suppose s = -0*s. Suppose s*h + 5*q = -j*h + 213, -3*h - 2*q + 158 = 0. What are the prime factors of h?
2, 13
Let h(x) = -4*x + 1. Let v be h(-5). Let p(k) = -33 - v*k - 20*k + k. List the prime factors of p(-4).
127
Let f = -125 - -80. Let n = 48 + f. What are the prime factors of (1 - 4/n) + (-588)/(-36)?
2
Let m = 20 - 9. Suppose m*r = 9*r - 4*k + 736, -3*r = k - 1104. What are the prime factors of r?
2, 23
Let s be -1*((-16)/(-4) + -6). Suppose -s*q - 26 = -32. Suppose -4*n = -2*b + 140, -b - q*n + 255 = 2*b. What are the prime factors of b?
2, 5
Suppose 2*i + 3*n - 14915 = 0, 15*n + 22381 = 3*i + 11*n. What are the prime factors of i?
7459
Let o(p) = 6*p - 9. Let h be o(-13). Let x(k) = -3*k**3 - k**2 - 3*k - 3. Let t be x(-4). Let g = t + h. List the prime factors of g.
2, 7
Let n(i) = i**3 - 9*i**2 + 20*i - 17. Let u be n(6). Let q(g) = -27*g + 41. What are the prime factors of q(u)?
2, 11
Suppose 0 = -s - 2*k + 73 + 285, -s + 2*k = -378. What are the prime factors of -3 + s + -2 + -3?
2, 3, 5
Let d be (12/(-7))/((-112)/12152). Let m = d - -971. What are the prime factors of m?
13, 89
Suppose 776*i - 11087384 = 489*i. List the prime factors of i.
2, 11, 439
Let j(k) = 2*k**3 - 13*k**2 + 2*k + 11. Let z be j(6). Let q(f) = -5*f + 19. List the prime factors of q(z).
2, 3, 7
Let f = -6767 + 11655. List the prime factors of f.
2, 13, 47
Let j be 10 + -9 + 2*3. Let z be (j + (-9 - 6))*3/4. What are the prime factors of (-3)/(z/(-2)) - (-42 - -8)?
3, 11
List the prime factors of -241510*-10*(-2)/(-200).
24151
Let s be (20/40)/(-2 - 91/(-46)). List the prime factors of (s + -4)*((-52)/6 - -2).
2, 3, 5
Let l(h) = -53*h - 2. Let d be l(-4). Suppose a = 42 - 172. Let k = a + d. What are the prime factors of k?
2, 5
Suppose 117704 = 117*y - 1490695. List the prime factors of y.
59, 233
Let n be 3/(63/1484) - 2/3. Let m = n + -75. Let l(v) = -v**3 - 5*v**2 - 2*v - 6. List the prime factors of l(m).
2
Suppose 89*n - 85*n + 8 = 0. What are the prime factors of (-6 + (-386)/4)*n?
5, 41
Suppose 126*o = 123*o + 15903. Suppose 18*w - o = -w. List the prime factors of w.
3, 31
Suppose -4*g = 5*v + 167, 5*v - 48 = 8*g - 7*g. Let i = g - -229. List the prime factors of i.
2, 3, 31
Suppose -2*o + 19 = 3*p, -6*o + 2*o = -8. Suppose -p*k + 110 = 645. Let n = -14 - k. What are the prime factors of n?
3, 31
Let q(d) = 135*d**3 - 2*d**2 + 2*d - 1. Let z(a) = -a**2 - 11*a + 13. Let w = -48 - -36. Let m be z(w). What are the prime factors of q(m)?
2, 67
Let r be 2 + (3/12)/(1/1388). Suppose 0 = -3*o - r + 2278. List the prime factors of o.
643
Suppose 5*k = 2*q - 76 + 20, 3*q - 91 = 4*k. Let t = -3 - -22. Let d = q - t. What are the prime factors of d?
2, 7
Suppose 2*y - 58 = -5*g - 14, 2*g = 2*y + 26. Suppose 3*b - b = -v + 268, 5*v - g = 0. What are the prime factors of b?
7, 19
Suppose 2*r + 45212 = -25*r + 161501. What are the prime factors of r?
59, 73
Let u = 38335 - 25958. What are the prime factors of u?
12377
List the prime factors of ((-40)/(1440/(-7254)))/((1/(-92))/(-1)).
2, 13, 23, 31
Suppose -4*c - 55896 = -3*u + 21787, -u = -2*c - 25891. List the prime factors of u.
59, 439
Suppose -444 = 2*f - 2*m + 972, 5*f = 3*m - 3536. Let g = 1354 + f. List the prime factors of g.
2, 3
Let o(g) = 4*g**3 + 2*g**2 - 2*g + 4. Let c = 51 + -49. List the prime factors of o(c).
2, 5
Let u(p) be the first derivative of p**4/4 + 13*p**3/3 - 3*p**2/2 + 41. What are the prime factors of u(-12)?
2, 3, 5
Let w(l) = -173*l + 2806. List the prime factors of w(-19).
3, 677
Suppose 6*v - 9 = 9. Let d be 0/(-5 - (v + -7)). What are the prime factors of 1/((-2 + 3)/(d - -35))?
5, 7
Suppose 2*z - v = 10, 4*z - 2*z + 4*v = 20. Let b(o) = 16*o - 131*o - 2 - z*o. What are the prime factors of b(-1)?
7, 17
Let w(y) = 24*y**2 + 36*y - 9. Let a(i) = -12*i**2 - 21*i + 5. Let n(t) = 5*a(t) + 3*w(t). Let h(f) = 2*f - 3. Let s be h(2). List the prime factors of n(s).
13
Suppose -t = 3*t + a - 33, 0 = -5*t + 5*a + 35. Suppose 184 = -t*i + 752. Let b = i - 17. What are the prime factors of b?
2, 3
Let h = -3 + 5. Suppose 39 = o - h*o. What are the prime factors of (-38)/(-6) + 52/o?
5
Let n be (-1)/(5/30*-2). Suppose 652 + 422 = n*c. What are the prime factors of c?
2, 179
Let z(g) = -g**2 - 16*g - 22. Let p be z(-13). Let c be -5 + 2 - (-4 - -8 - p). Suppose 13*b - 144 = c*b. List the prime factors of b.
2, 3
Let z = 6979 + -2193. What are the prime factors of z?
2, 2393
Suppose 4 - 276 = -8*b. Suppose -b = 3*g - 34. Suppose g = -3*q + 12 + 3, -4*q = -2*l + 344. What are the prime factors of l?
2, 7, 13
Suppose -819 = -24*h + 3237. Suppose -3*u - 175 = 2*x, -5*u - 3*x - 300 = 2*x. Let g = u + h. What are the prime factors of g?
2, 3, 19
Suppose -2*f - 35188 = -2*p + 137474, -3*p - 4*f + 259014 = 0. What are the prime factors of p?
2, 3, 14389
Suppose -4*n = 2*l - 26544, 2*n - 9969 = -5*l + 3279. List the prime factors of n.
3, 2213
Let f be 2*(-7)/14 - -3. Suppose 2636 = 3*t + 4*n, 5*t - f*n - 2518 = 1884. List the prime factors of t.
2, 5, 11
Let s(h) = h**3 + 9*h**2 - 6*h + 12. Let q = 44 - 53. Let c be s(q). Let r = c - -52. What are the prime factors of r?
2, 59
Suppose 0 = -220*t - 249265 + 994845. What are the prime factors of t?
3389
Let k(x) be the second derivative of -x**4/12 + 25*x**3/3 - 111*x**2/2 + x + 7. What are the prime factors of k(34)?
433
Suppose -1088*b - 377359 = -1107*b. What are the prime factors of b?
19861
Let u = 238 + -167. Let f = 119 - u. Suppose 44 = 